when 58 is divided by (120/(-84))/(1/c).
18
Suppose 17 = 3*i + 5. Suppose -5*f + 0*k - 90 = 2*k, 3*f - 5*k + 23 = 0. Let d = 3 - f. Calculate the remainder when d is divided by i.
3
Suppose -101 - 9 = -2*c - 2*g, g = -4*c + 205. What is the remainder when 159 is divided by c?
9
Let x be 180/(-42) + 2/7. Suppose -8*l - 1066 = -90*l. What is the remainder when (x/5)/(2/(-85)) is divided by l?
8
Suppose -3*r + v + 985 = -524, v + 503 = r. Calculate the remainder when r is divided by 165.
8
Let n be 4 + 21*-1 + 4. Let s = n + 31. Calculate the remainder when s is divided by 10.
8
Suppose 9 = 2*b + 5*t, 0 = -4*b + 4*t + 3 + 1. Suppose -b*j + 0*j - 3*o + 38 = 0, -4*o + 84 = 4*j. Calculate the remainder when 149 is divided by j.
24
Suppose 5*i + 15 = 8*i. Calculate the remainder when 33 is divided by i.
3
Suppose -2*h - 243 + 259 = 0. Let y(d) = 14*d**2 + 1. What is the remainder when y(-1) is divided by h?
7
Suppose 2*d + 8 = 3*v, -4*d - 4 = -0. Suppose 0*o - 515 = -5*g + 3*o, v*o = 4*g - 412. Calculate the remainder when g is divided by 26.
25
Let b(y) = 12*y - 33. Let m = -60 - -67. Calculate the remainder when 203 is divided by b(m).
50
Suppose 8*q + 3*j = 9*q - 5, 45 = q + 5*j. Calculate the remainder when q is divided by 10.
0
Suppose -29*k - 72 = -26*k. Let g(a) = a**3 - 7*a**2 + 7*a + 2. Let s be g(5). Let y = s - k. Calculate the remainder when y is divided by 3.
2
Suppose -7*r + 90 + 15 = 0. Let k(o) = -o**3 - o**2 + 4*o + 8. Calculate the remainder when k(-5) is divided by r.
13
Calculate the remainder when 123 is divided by 100/(-400) - (-330)/8.
0
Suppose 5*o + 18*o = 2829. What is the remainder when o is divided by 3?
0
What is the remainder when (-30)/75*((-5409)/6 - 1) is divided by 41?
33
Suppose 34*k = 29*k - 2*a + 184, -5*a + 46 = k. What is the remainder when k is divided by 4?
0
Let z(n) be the third derivative of -n**5/60 + 7*n**4/24 + 3*n**3/2 - 16*n**2. What is the remainder when 29 is divided by z(6)?
14
Let t(y) = 2*y - 8. Let v be t(8). Suppose 7*l + 1 = 15. What is the remainder when 49*(-3 + v/l) is divided by 25?
24
Let l = -46 - -49. Suppose l*f = -5*c - f + 70, -28 = -2*c - 4*f. What is the remainder when 39 is divided by c?
11
Suppose 3*f - 603 = -5*h, -45*h + 46*h + 209 = f. What is the remainder when f is divided by 19?
16
Let q(g) = -90*g - 2. Let j be q(-3). Suppose -6*k + 2*k + j = 0. What is the remainder when k is divided by 34?
33
What is the remainder when (4/(-8))/((-2)/104) is divided by 2?
0
Let p = -2 + 1. Let n(t) = 40*t**2 + 1. Suppose 6*k + 12 = 3*k, -2*a - k = -40. What is the remainder when n(p) is divided by a?
19
Suppose -7*d + 5*d + 10 = 0. Suppose 3*n + 69 = 3*b, d*n + 24 = 3*b - 45. What is the remainder when b is divided by 5?
3
Suppose 4*z - 53 = 3. Let s(x) = x + 1. Suppose 0*m - m + 58 = 0. Calculate the remainder when m is divided by s(z).
13
Suppose -4*f + 4 = -16. Suppose 4*y - 7 - f = 0. Let m(b) = b + 2. What is the remainder when 7 is divided by m(y)?
2
Suppose -4*p + 89 = 25. Let t(f) = 3*f**2 + 106*f + 65. Calculate the remainder when t(-35) is divided by p.
14
Suppose 4*f - 3 = 3*k, -3*f - f + 1 = -k. Calculate the remainder when 39*k/(-3) + (0 - -2) is divided by 4.
3
Suppose 0*b - 4*b - 12 = 0, -2*b = -4*x + 334. What is the remainder when x is divided by 23?
13
Let r = -888 + 999. What is the remainder when 343 is divided by r?
10
Let k(m) = m**2 + 16*m - 135. What is the remainder when k(20) is divided by 118?
113
Suppose 4*h + 4*r + 14 = -2, 4*h + 3*r = -13. Let x be h/3*3*-107. Let o = -69 + x. Calculate the remainder when o is divided by 10.
8
Let g = -245 + 77. Let i = 0 - -6. Calculate the remainder when 2*1/6 + g/(-9) is divided by i.
1
Let n(m) = -2*m. Let k be n(1). Let b = -5 - -28. What is the remainder when (-33)/(k - (-10)/8) is divided by b?
21
What is the remainder when (-45)/(-2)*(23 + -17) is divided by 61?
13
Suppose -2*c - 3*c - 4*m + 109 = 0, 3*c = -2*m + 65. Calculate the remainder when 73 is divided by c.
10
Suppose 24 = -0*z + 2*z - 2*c, 2*z + 4*c = 0. Suppose 48*w - z = 44*w. What is the remainder when 5 is divided by w?
1
Let q = -6 + 40. Let n(h) = -h**3 - 2*h**2 - 2*h - 1. Let m be n(-2). Suppose -12 = 2*a - m*a. What is the remainder when q is divided by a?
10
Let t = 17 - 19. Let a be (-3 + (-7)/t)*10. Suppose a*s + z - 137 = -3*z, -4*s - 4*z + 112 = 0. Calculate the remainder when s is divided by 7.
4
Calculate the remainder when 98 is divided by (((-90)/3)/(-3))/((-12)/(-18)).
8
Let h(j) be the first derivative of -j**2/2 + 12*j - 11. Calculate the remainder when 7 is divided by h(7).
2
What is the remainder when (5 - (-3)/24*22)*4 is divided by (-2)/(-3) + (-92)/(-6)?
15
What is the remainder when 8*(-9)/(-27)*18 is divided by 40?
8
Suppose -q - 4*y + y = -42, -y + 102 = 3*q. Calculate the remainder when 108 is divided by q.
9
Calculate the remainder when 69/(207/(-18) + 12) is divided by 39.
21
Let x(t) = t**3 + 23*t**2 + 29*t - 216. Calculate the remainder when x(-20) is divided by 51.
47
Suppose -2*v + 25 = -v. Let w = -465 - -539. What is the remainder when w is divided by v?
24
Let o(x) = 21*x**2 + 2*x + 2. Let g be o(-1). Suppose 180 = -g*l + 26*l. Calculate the remainder when 68 is divided by l.
32
Suppose -4*j + 921 = -3*r, 0 = j + 3*r - 273 + 24. Calculate the remainder when j is divided by 47.
46
Let k(w) = -w**3 + 15*w**2 - 8*w + 53. What is the remainder when k(13) is divided by 16?
15
Suppose 6*x = 30*x - 1056. What is the remainder when x is divided by 13?
5
Let y(f) = f**3 + 3*f**2 + f. Let u be y(-4). Let i(v) = -7*v - 70. What is the remainder when i(u) is divided by 18?
16
Let o = 72 - 5. Suppose 8*v + o = 9*v. Calculate the remainder when v is divided by 17.
16
Let i(c) be the third derivative of c**4/3 - 2*c**3/3 + 3*c**2. Let w = 166 + -88. What is the remainder when w is divided by i(3)?
18
Suppose 816 = 5*j - 2*r, 2*r + 2*r = 3*j - 498. Calculate the remainder when j is divided by 28.
22
Suppose -5*d = -t - 22, -3*t + 3 = -2*t. Suppose -d*n + 54 = -46. What is the remainder when n is divided by 11?
9
Let j(u) = 3*u**3 - u - 1. Let f be j(-1). Let w = 2 - 3. Let y = w - f. Calculate the remainder when y is divided by 2.
0
Let j(t) = -t + 13. Suppose 0 = -w + 3*i + 15, -5*i - 16 = 4. Suppose h = w*h + 18. Calculate the remainder when 41 is divided by j(h).
19
Suppose 870 = -86*y + 92*y. What is the remainder when y is divided by 25?
20
Suppose 3*j - 87 = 2*i - 3*i, 137 = 5*j - i. Suppose -5*u = -3*p - 134 + j, -3*u = 2*p - 75. What is the remainder when u is divided by 12?
11
Suppose -z = 4*z - 70. Suppose 60 = -5*l + 325. What is the remainder when l is divided by z?
11
Calculate the remainder when 2*2 + (-3 + 0 - -28) is divided by 16.
13
Let x = -4 + 9. Let a be ((-2)/(-4))/(x/10). Let h = 6 - a. Calculate the remainder when 8 is divided by h.
3
What is the remainder when (-4)/(4/(-3)) - -1*36 is divided by 6?
3
Suppose 0 = 2*d + 3 - 7. Let m(n) = -17 + 0*n**2 - 12*n - 3 - n**d. Calculate the remainder when 19 is divided by m(-9).
5
Suppose j = -2, -15 = -5*y + 2*j + 139. Let z = y - 5. What is the remainder when z is divided by 13?
12
Let b = 14 + -2. Calculate the remainder when 22*((-216)/(-192) + 9/24) is divided by b.
9
Let r be (-2*1)/((-5)/45). Let i = r + -36. Calculate the remainder when ((-744)/i)/((-2)/(-3)) is divided by 16.
14
Let r be (60/14)/((-3)/(-21)). Let k be ((-12)/5)/(9/r). Calculate the remainder when 28 is divided by (-2)/k + (-63)/(-4).
12
Suppose -1030 = 111*v - 116*v. Calculate the remainder when v is divided by 42.
38
Let b = -7 + -2. Let o be 9/(-18) + b/(-2). Let m = 54 - o. Calculate the remainder when m is divided by 26.
24
Let s(t) = 2*t + 40. What is the remainder when 943 is divided by s(-12)?
15
Let z(t) = -t**3 + 7*t**2 + 3*t - 2. Let o be z(4). Suppose -4*p = -o - 86. Let f = 71 + -58. What is the remainder when p is divided by f?
10
Let r be (9 + -5 - 3) + 9. Suppose -r*b = -7*b - 306. Calculate the remainder when b is divided by 21.
18
Let u(q) = q - 1. Let x be u(8). Let y(h) = h**2 - h - 10. Calculate the remainder when 90 is divided by y(x).
26
Let c = -21 + 21. Let n be c/5 + (-44)/(-2). Let u = -20 + n. Calculate the remainder when 2 is divided by u.
0
Let p(o) = -3 - o**2 - 